ple of 70?
False
Does 2058 divide 3265569536?
False
Does 365 divide 41504211?
False
Does 2 divide 5282320?
True
Is 422892758 a multiple of 5?
False
Is 33349434 a multiple of 10?
False
Does 487 divide 20169592?
True
Does 102 divide 878354440?
False
Is 288 a factor of 29840832?
True
Does 133 divide 56179454?
False
Does 77 divide 36341890?
False
Does 994 divide 114918027?
False
Does 61 divide 208755908?
True
Is 4661164 a multiple of 764?
True
Is 679580078 a multiple of 6285?
False
Is 6 a factor of 25082303?
False
Is 231 a factor of 23184546?
True
Is 9 a factor of 51576953?
False
Is 363165488 a multiple of 16?
True
Is 516193380 a multiple of 90?
True
Does 13 divide 127470083?
True
Is 1008253668 a multiple of 138?
True
Does 582 divide 697449052?
False
Is 1315 a factor of 5236330?
True
Is 126856735 a multiple of 100?
False
Does 303 divide 98896473?
True
Is 25266072 a multiple of 282?
True
Is 139 a factor of 3239534?
True
Does 224 divide 166903251?
False
Is 1129 a factor of 72560830?
True
Does 1877 divide 779645423?
False
Is 60 a factor of 210133795?
False
Does 138 divide 56441586?
True
Is 15 a factor of 32138353?
False
Is 10959975 a multiple of 5?
True
Is 1262 a factor of 951594990?
False
Is 2191574245 a multiple of 2555?
True
Is 59 a factor of 1531778669?
False
Is 177825944 a multiple of 1155?
False
Is 993767 even?
False
Does 29 divide 148550749?
False
Is 601 a factor of 49110114?
True
Is 95410224 a multiple of 1092?
True
Is 353021755 a multiple of 282?
False
Is 411888 a multiple of 8?
True
Does 65 divide 24574344?
False
Does 136 divide 15368000?
True
Is 63822678 a multiple of 291?
False
Is 48288708 a multiple of 45?
False
Does 625 divide 20455625?
True
Is 120 a factor of 103147041?
False
Does 122 divide 281035994?
False
Is 6 a factor of 128514427?
False
Does 292 divide 7444899?
False
Is 116 a factor of 2732908960?
True
Is 5 a factor of 55575970?
True
Is 4038 a factor of 38902092?
True
Does 6184 divide 48775097?
False
Is 3420225 a multiple of 185?
False
Is 171 a factor of 77909994?
True
Is 2750887 a multiple of 320?
False
Is 217771996 a multiple of 216?
False
Is 707 a factor of 318843168?
False
Is 557 a factor of 216578310?
True
Is 387 a factor of 8111520?
True
Does 201 divide 1609991138?
False
Does 310 divide 134899324?
False
Does 21 divide 19234362?
True
Is 88 a factor of 364794649?
False
Is 38927616 a multiple of 557?
True
Is 16 a factor of 385629344?
True
Does 95 divide 35196432?
False
Does 40 divide 43016640?
True
Is 11962625 a multiple of 342?
False
Does 767 divide 693064268?
True
Is 93397118 a multiple of 59?
True
Is 50912340 a multiple of 5?
True
Is 1017 a factor of 23926216?
False
Is 707 a factor of 81245612?
True
Is 205268730 a multiple of 4043?
False
Does 173 divide 1129840822?
False
Does 2493 divide 43052948?
False
Does 1071 divide 343483351?
False
Is 305656056 a multiple of 4029?
True
Does 215 divide 7130475?
True
Does 229 divide 742923965?
False
Is 29 a factor of 7862752?
False
Is 934 a factor of 15605346?
False
Is 222165862 a multiple of 101?
True
Does 163 divide 30508303?
False
Does 2396 divide 1487276270?
False
Is 188476542 a multiple of 6?
True
Is 30 a factor of 54281370?
True
Is 297 a factor of 1743453783?
False
Is 13812422 a multiple of 41?
False
Does 4703 divide 16342925?
True
Does 98 divide 12009707?
False
Is 6145 a factor of 5360848840?
True
Is 2033874 a multiple of 171?
True
Does 1401 divide 2994974?
False
Is 56069784 a multiple of 17?
False
Is 1295 a factor of 1651983498?
False
Is 1060653097 a multiple of 1109?
False
Is 94682646 a multiple of 1341?
True
Is 171054778 a multiple of 422?
False
Is 135841563 a multiple of 143?
True
Does 573 divide 333953391?
False
Does 1980 divide 148305960?
True
Is 5340468 a multiple of 17?
False
Does 91 divide 129978707?
False
Is 44336138 a multiple of 62?
True
Does 41 divide 2045076005?
False
Is 893417416 a multiple of 17?
False
Is 238 a factor of 54023382?
True
Does 29 divide 113488165?
True
Is 308 a factor of 2447647012?
False
Is 8 a factor of 1203686?
False
Is 89208502 a multiple of 2907?
False
Is 758 a factor of 15741000?
False
Is 171 a factor of 266467949?
False
Does 46 divide 105944808?
True
Is 17 a factor of 1003248098?
True
Is 281679462 a multiple of 14?
False
Is 2772 a factor of 1885081968?
True
Is 1721 a factor of 155751650?
False
Is 39226439 a multiple of 4009?
False
Does 39 divide 8092623?
False
Does 51 divide 118827245?
False
Does 11 divide 1219526968?
True
Is 16440857 a multiple of 349?
False
Does 1208 divide 378018905?
False
Does 84 divide 11460624?
True
Is 360 a factor of 4123096846?
False
Is 41 a factor of 74099593?
False
Is 50 a factor of 3722967?
False
Is 2 a factor of 4878932?
True
Is 66335630 a multiple of 2?
True
Does 1963 divide 76610392?
False
Does 343 divide 4568175?
False
Is 52 a factor of 476979256?
True
Does 25 divide 7533170?
False
Is 521367176 a multiple of 1532?
True
Is 81 a factor of 27288202?
False
Is 843 a factor of 989726679?
True
Is 1531 a factor of 45695173?
False
Is 254 a factor of 12272264?
True
Is 254593342 a multiple of 446?
False
Is 262494823 a multiple of 208?
False
Does 2995 divide 1107789324?
False
Does 15 divide 3600239?
False
Is 2723553 a multiple of 3?
True
Is 2129155509 a multiple of 553?
False
Does 193 divide 34748279?
False
Is 133307966 a multiple of 778?
True
Is 1124 a factor of 17942412?
True
Is 2619 a factor of 262460804?
False
Is 166 a factor of 22372650?
True
Is 4935348 a multiple of 309?
True
Is 66 a factor of 43830336?
True
Does 1797 divide 3996472293?
True
Is 10 a factor of 26194400?
True
Is 660 a factor of 11210760?
True
Is 375 a factor of 13129053?
False
Is 24 a factor of 715258517?
False
Does 4011 divide 1012087608?
True
Is 201961377 a multiple of 2519?
False
Does 9 divide 882224852?
False
Is 553 a factor of 38920140?
True
Is 513354015 a multiple of 45?
True
Is 26 a factor of 96145894?
True
Is 46203246 a multiple of 3?
True
Does 40 divide 54860383?
False
Does 45 divide 6289200?
True
Is 3397 a factor of 58251756?
True
Is 5207 a factor of 1122472990?
True
Is 4687804 even?
True
Is 139 a factor of 8164721?
True
Is 37 a factor of 554987161?
True
Is 195 a factor of 12829137?
False
Is 17 a factor of 6645218?
False
Is 59573955 a multiple of 1029?
True
Does 508 divide 3145602040?
True
Is 46871232 a multiple of 24?
True
Is 278 a factor of 12463852?
True
Does 23 divide 19354364?
False
Does 70 divide 878434270?
True
Is 6 a factor of 612088200?
True
Does 1033 divide 852111370?
True
Is 129 a factor of 93109878?
True
Is 37635867 a multiple of 19?
False
Is 10 a factor of 199486000?
True
Is 316411 a multiple of 2967?
False
Is 21539741 a multiple of 290?
False
Is 273769461 a multiple of 133?
True
Is 24265753 a multiple of 314?
False
Is 316016712 a multiple of 66?
True
Is 562 a factor of 9519156?
True
Does 98 divide 602788504?
False
Is 1277379240 a multiple of 10?
True
Does 1722 divide 182909096?
False
Does 23 divide 935809?
False
Is 707137560 a multiple of 5640?
True
Does 7 divide 12328961?
False
Does 24 divide 541109880?
True
Is 13292335 a multiple of 205?
False
Is 53485452 a multiple of 9?
True
Does 3494 divide 796223202?
True
Is 32 a factor of 10516878?
False
Does 8 divide 18298206?
False
Does 168 divide 6925968?
True
Is 12 a factor of 6749769?
False
Is 161 a factor of 68287506?
True
Is 32729008 a multiple of 8?
True
Does 2975 divide 214915877?
False
Does 301 divide 65096066?
True
Is 200676385 a multiple of 835?
True
Is 8033 a factor of 2248406631?
False
Is 1188700695 a multiple of 6201?
True
Is 344 a factor of 2395393?
False
Does 896 divide 40846882?
False
Is 4988225 a multiple of 97?
True
Is 134158875 a multiple of 16?
False
Is 357631128 a multiple of 186?
True
Does 2 divide 4992602?
True
Is 173 a factor of 1423872983?
False
Is 179640132 a multiple of 1407?
True
Is 1268534545 a multiple of 1000?
False
Does 870 divide 259907890?
False
Is 169 a factor of 55815292?
True
Is 26234128 a multiple of 86?
True
Is 178 a factor of 11574712?
False
Is 10648548 a multiple of 159?
True
Does 1757 divide 117760234?
False
Is 206248070 a multiple of 70?
True
Does 2626 divide 788837270?
True
Does 62 divide 36148232?
True
Is 4560893 a multiple of 19?
True
Does 433 divide 12136990?
True
Is 53 a factor of 16211587?
True
Is 54433360 a multiple of 11?
False
Does 5